s 24 divide 6048?
True
Is 924 a multiple of 33?
True
Is 16737 a multiple of 21?
True
Is 4 a factor of 5720?
True
Is 5 a factor of 231?
False
Is 3204 a multiple of 36?
True
Is 2706 a multiple of 8?
False
Is 63 a factor of 630?
True
Does 23 divide 6578?
True
Is 13 a factor of 3627?
True
Is 1770 a multiple of 4?
False
Is 17049 a multiple of 39?
False
Is 493 a multiple of 9?
False
Is 32 a factor of 46776?
False
Does 19 divide 38?
True
Is 137 a factor of 10412?
True
Is 89 even?
False
Does 30 divide 8010?
True
Is 11 a factor of 1597?
False
Is 252 a multiple of 42?
True
Is 6655 a multiple of 18?
False
Is 204 a multiple of 12?
True
Is 143 a multiple of 32?
False
Is 3087 a multiple of 49?
True
Does 77 divide 1309?
True
Is 2797 a multiple of 30?
False
Does 76 divide 14927?
False
Is 74 a multiple of 37?
True
Is 113 a multiple of 25?
False
Is 31533 a multiple of 61?
False
Is 72630 a multiple of 15?
True
Does 33 divide 4191?
True
Is 69 a factor of 3848?
False
Is 9 a factor of 1818?
True
Is 881 a multiple of 17?
False
Is 6 a factor of 3444?
True
Is 92 a factor of 11156?
False
Is 946 a multiple of 11?
True
Is 15887 a multiple of 147?
False
Is 17 even?
False
Is 7128 a multiple of 33?
True
Is 240 a multiple of 8?
True
Is 6 a factor of 185?
False
Is 9 a factor of 36?
True
Is 20 a factor of 5588?
False
Is 2047 a multiple of 128?
False
Is 1503 a multiple of 5?
False
Is 330 a multiple of 33?
True
Is 23814 a multiple of 9?
True
Does 4 divide 16918?
False
Does 28 divide 12076?
False
Does 4 divide 5684?
True
Does 10 divide 1040?
True
Is 2204 a multiple of 29?
True
Is 83 a factor of 1162?
True
Does 9 divide 81045?
True
Is 67 a factor of 488?
False
Is 25415 a multiple of 10?
False
Does 4 divide 172?
True
Is 3 a factor of 7506?
True
Is 5 a factor of 255?
True
Is 20 a multiple of 12?
False
Does 47 divide 17578?
True
Is 700 a multiple of 33?
False
Is 9 a factor of 10146?
False
Is 3 a factor of 385?
False
Does 8 divide 6443?
False
Is 8 a factor of 12296?
True
Is 10829 a multiple of 91?
True
Does 14 divide 10254?
False
Is 10 a factor of 1504?
False
Is 11 a factor of 930?
False
Is 686 a multiple of 7?
True
Is 270 a multiple of 18?
True
Is 1680 a multiple of 120?
True
Is 831 a multiple of 21?
False
Is 21 a multiple of 2?
False
Is 397 a multiple of 4?
False
Does 15 divide 570?
True
Is 35 a factor of 15931?
False
Is 51 a factor of 39627?
True
Is 47 a factor of 470?
True
Does 431 divide 84931?
False
Is 994 a multiple of 9?
False
Is 5524 even?
True
Does 20 divide 10680?
True
Does 14 divide 13656?
False
Does 426 divide 7242?
True
Is 92 a multiple of 46?
True
Is 2560 a multiple of 72?
False
Is 17 a factor of 34?
True
Does 11 divide 651?
False
Is 4 a factor of 3480?
True
Does 80 divide 29224?
False
Does 12 divide 1560?
True
Is 6130 a multiple of 7?
False
Is 671 a multiple of 11?
True
Is 42 a factor of 42?
True
Is 22 a factor of 34375?
False
Does 79 divide 79?
True
Does 18 divide 29466?
True
Does 91 divide 9919?
True
Does 14 divide 310?
False
Is 96 a factor of 4128?
True
Is 774 a multiple of 31?
False
Is 7 a factor of 13893?
False
Does 131 divide 1441?
True
Is 825 a multiple of 55?
True
Is 1677 a multiple of 13?
True
Is 76 a factor of 1220?
False
Is 21 a factor of 7476?
True
Is 12 a factor of 46752?
True
Does 15 divide 524?
False
Is 1782 a multiple of 110?
False
Does 23 divide 2653?
False
Is 2054 a multiple of 26?
True
Is 386 a multiple of 3?
False
Is 63 a factor of 3843?
True
Is 23 a factor of 1007?
False
Is 54 a factor of 1350?
True
Is 468 a multiple of 13?
True
Is 3774 a multiple of 51?
True
Is 3117 a multiple of 13?
False
Is 8483 a multiple of 4?
False
Does 17 divide 163?
False
Is 1888 a multiple of 32?
True
Is 47 a factor of 2027?
False
Does 4 divide 216?
True
Is 1639 a multiple of 149?
True
Is 6252 a multiple of 4?
True
Is 2748 a multiple of 14?
False
Does 70 divide 62440?
True
Is 1439 a multiple of 4?
False
Is 32 a factor of 3104?
True
Is 135 a multiple of 9?
True
Is 52026 a multiple of 66?
False
Is 47437 a multiple of 21?
False
Is 69 a factor of 415?
False
Does 22 divide 203?
False
Does 94 divide 2210?
False
Is 982 a multiple of 7?
False
Is 17 a factor of 2108?
True
Is 17108 a multiple of 182?
True
Is 966 a multiple of 21?
True
Is 23 a factor of 1857?
False
Does 6 divide 5977?
False
Does 12 divide 2300?
False
Is 10310 a multiple of 3?
False
Does 14 divide 125?
False
Is 13 a factor of 1703?
True
Is 135 a factor of 825?
False
Does 30 divide 11944?
False
Does 13 divide 5873?
False
Is 1403 a multiple of 10?
False
Is 3374 a multiple of 86?
False
Is 92 a factor of 11316?
True
Does 7 divide 318?
False
Is 81 a factor of 182?
False
Does 2 divide 1470?
True
Is 5287 a multiple of 10?
False
Is 432 a multiple of 8?
True
Does 12 divide 13752?
True
Is 8 a factor of 874?
False
Is 12781 a multiple of 22?
False
Is 8 a factor of 39520?
True
Is 26 a factor of 558?
False
Is 2754 a multiple of 17?
True
Is 2541 a multiple of 8?
False
Is 9036 a multiple of 7?
False
Does 10 divide 1996?
False
Is 14 a factor of 588?
True
Is 4 a factor of 91?
False
Is 277 a multiple of 34?
False
Is 792 a multiple of 36?
True
Is 340 a multiple of 3?
False
Is 26 a factor of 31676?
False
Is 1333 a multiple of 114?
False
Does 14 divide 1538?
False
Does 19 divide 17313?
False
Is 8 a factor of 20?
False
Is 650 a multiple of 65?
True
Is 3072 a multiple of 8?
True
Does 21 divide 95113?
False
Is 46 a factor of 12929?
False
Is 36 a factor of 2605?
False
Is 94 a factor of 1222?
True
Does 13 divide 377?
True
Is 38221 a multiple of 3?
False
Does 8 divide 3965?
False
Does 127 divide 10414?
True
Is 7847 a multiple of 59?
True
Is 60 a factor of 240?
True
Is 53 a factor of 52841?
True
Is 31 a factor of 5559?
False
Is 25 a multiple of 9?
False
Does 53 divide 9328?
True
Is 5376 a multiple of 30?
False
Is 10367 a multiple of 7?
True
Is 1387 a multiple of 35?
False
Does 63 divide 284?
False
Is 1892 a multiple of 14?
False
Does 11 divide 1612?
False
Is 16 a factor of 1728?
True
Is 15 a factor of 322?
False
Is 3724 a multiple of 17?
False
Is 679 a multiple of 51?
False
Is 72 a factor of 5472?
True
Is 62127 a multiple of 81?
True
Is 928 a multiple of 4?
True
Is 30 a factor of 29610?
True
Is 408 a multiple of 3?
True
Does 174 divide 48279?
False
Is 13376 a multiple of 19?
True
Is 419 a multiple of 4?
False
Is 66822 a multiple of 86?
True
Is 279 a multiple of 3?
True
Does 42 divide 588?
True
Is 357 a factor of 11424?
True
Is 11 a factor of 6307?
False
Is 1195 a multiple of 30?
False
Is 748 a multiple of 41?
False
Does 10 divide 6780?
True
Is 30 a factor of 5696?
False
Does 30 divide 89915?
False
Is 202 a factor of 12928?
True
Is 25 a factor of 1825?
True
Does 93 divide 2139?
True
Does 7 divide 315?
True
Is 50594 a multiple of 82?
True
Is 40 a factor of 573?
False
Is 32393 a multiple of 100?
False
Is 46 a factor of 1364?
False
Is 18 a factor of 26694?
True
Is 49 even?
False
Is 12 a factor of 11952?
True
Is 166 a factor of 30046?
True
Is 94788 a multiple of 58?
False
Is 44 a factor of 16696?
False
Is 10682 a multiple of 98?
True
Is 8 a factor of 616?
True
Is 2214 a multiple of 2?
True
Is 55 a factor of 13540?
False
Is 130 a multiple of 2?
True
Is 121 a factor of 12584?
True
Does 6 divide 19650?
True
Is 991 a multiple of 90?
False
Does 14 divide 3808?
True
Is 31390 a multiple of 23?
False
Is 1164 a multiple of 3?
True
Does 55 divide 2839?
False
Does 3 divide 226?
False
Does 7 divide 2350?
False
Is 12 a factor of 3332?
False
Is 51 a factor of 714?
True
Is 540 a multiple of 27?
True
Is 103 a factor of 21581?
False
Is 858 a multiple of 6?
True
Is 51 a factor of 398?
False
Does 33 divide 330?
True
Is 2158 a multiple of 21?
False
Is 108 a factor of 8424?
True
Does 43 divide 25585?
True
Does 12 divide 3468?
True
Is 4450 a multiple of 9?
False
Does 82 divide 7544?
True
Is 36 a factor of 324?
True
Is 3309 a multiple of 12?
False
Is 5775 a multiple of 15?
True
Is 66 a factor of 2772?
True
Does 83 divide 1067?
False
Is 51 a factor of 2907?
True
Is 17 a factor of 16413?
False
Is 78582 a multiple of 21?
True
Is 6814 a multiple of 8?
False
Is 319 a multiple of 4?
False
Is 25 a factor of 1475?
True
Is 4 a factor of 110?
False
Is 13 a factor of 469?
False
Does 21 divide 4998?
True
Does 99 divide 56127?
False
Is 47 a factor of 19928?
True
Does 10 divide 2970